/(-10))?
0
Let m = 2 - -1. Let f be (-8 + -2)*2/(-4). Suppose m*u + 50 = f*u. Calculate the remainder when u is divided by 13.
12
Let o(h) = 2*h**2 + 14*h + 3. What is the remainder when o(-12) is divided by 25?
23
Let p = 23 - -8. What is the remainder when 91 is divided by p?
29
Let z = 97 - 86. What is the remainder when 52 is divided by z?
8
Calculate the remainder when 27 is divided by ((-20)/(-6))/(2/9).
12
Suppose 0 = 2*c + 5*l - 177, 5*c = 2*c + 2*l + 275. Calculate the remainder when c is divided by 47.
44
Let r be (-4)/((0 - -2)*-1). Suppose r*z - 3 = -7, -3*n + 14 = -z. Suppose -n*l = -0*l - 64. Calculate the remainder when 47 is divided by l.
15
Let x(u) = 2*u**2 - u + 1. Suppose 0 = 5*m + z - 56, 4*m - 45 - 7 = z. Let v be (-9)/(-2)*m/18. Calculate the remainder when 31 is divided by x(v).
15
Let y = 10 + 5. Let z = 30 - y. What is the remainder when 57 is divided by z?
12
Calculate the remainder when (3/5)/((-1)/(-125)) is divided by 19.
18
Suppose -2*o = 11 - 99. Suppose 0*t = -4*t + o. Calculate the remainder when 32 is divided by t.
10
Suppose -4*m = -13 - 19. Suppose -3*g = -2*g - m. Let o = -4 - -19. What is the remainder when o is divided by g?
7
Let k be 49/(-42) + 2/12. What is the remainder when 71 is divided by ((-54)/15)/(k/5)?
17
Let n(u) = u**3 + u**2 - 8*u - 3. Calculate the remainder when 6 is divided by n(-3).
0
Suppose 5*z + 9 = -3*j, -z + 3*j - 4*j = 3. Suppose z = -r + 11 + 1. Suppose r = s - 0*s. Calculate the remainder when 34 is divided by s.
10
Let c = 38 - 22. What is the remainder when c is divided by 9?
7
Let u be 3*((-12)/9 + 3). Suppose -d + 21 = -u. What is the remainder when d is divided by 7?
5
Suppose 0 + 4 = -4*h. Let k(o) = -o**2 + 10*o**2 - o + 5*o**2. What is the remainder when k(h) is divided by 9?
6
Suppose -18*q + 13*q = -505. What is the remainder when q is divided by 26?
23
Calculate the remainder when (-3)/6 + -1*(-177)/6 is divided by -4*3*(-2)/3.
5
Suppose -33 = 4*q - 7*q. Suppose d = q - 4. Calculate the remainder when 19 is divided by d.
5
Suppose 4 = 4*s + 16. Let u = -1 + s. Calculate the remainder when (1 + u)/((-2)/10) is divided by 8.
7
Suppose -b + 5*l = -2*b - 2, -2*l + 36 = 2*b. Calculate the remainder when 45 is divided by b.
22
Let p = -6 + 14. Let t be ((-336)/9)/4*-3. Suppose -3*b + 4*v + 82 = 0, -t = -2*b - 0*b - 4*v. What is the remainder when b is divided by p?
6
Suppose 7*z - 2*z - 26 = -j, -j = -2*z - 19. Calculate the remainder when 32 is divided by j.
11
Suppose 10 + 14 = -4*i. Suppose -3*l + 3*x - x + 49 = 0, 0 = -4*l + 3*x + 67. Let c = i + l. What is the remainder when c is divided by 4?
3
Suppose 3*g = m - 18, -5*m + 2*m - 3*g = -42. What is the remainder when m is divided by 9?
6
Suppose -r - 31 = -3*r + f, -4*r + 67 = -f. Let w = r - 9. Calculate the remainder when w is divided by 6.
3
Suppose 0*b + 3*b = 48. Let v(w) = -w**3 - 10*w**2 - 2*w - 11. What is the remainder when b is divided by v(-10)?
7
Let g(t) = 12*t**2 + t. Calculate the remainder when 18 is divided by g(-1).
7
Let q(n) = n**3 - 18*n**2 - 18*n - 11. Calculate the remainder when 29 is divided by q(19).
5
Let g = -23 + 14. Let d be (-38)/g + 4/(-18). Suppose i - 2*i - 62 = -3*f, f = d*i + 6. What is the remainder when f is divided by 8?
6
Let x = -12 - -17. Suppose -3*k - 5 = -2*k + z, -2*z + 18 = -x*k. Calculate the remainder when 7 is divided by (k/12)/((-1)/9).
1
Suppose v - 2*x + 2 = 11, 0 = -v + 3*x + 4. Suppose 0 = 3*c - 39 - 126. Calculate the remainder when c is divided by v.
17
Let b = -2 - -4. Suppose 0*n + b*n = 50. Calculate the remainder when n is divided by 7.
4
Let o(j) = j**3 - 3*j**2 - j + 3. Let l be o(3). Let g = l + 11. Calculate the remainder when 30 is divided by g.
8
Suppose s - 270 = -3*x - 41, 2*x = 5*s + 164. What is the remainder when x is divided by 16?
13
Suppose -2*p + 6*p - 116 = 0. Suppose -12 = 4*g + 4. Let f(y) = -2*y + 2. Calculate the remainder when p is divided by f(g).
9
Let h(v) = -v**3 + 3*v**2 - 4*v + 5. Let r be h(4). Let q = -14 - r. What is the remainder when 50 is divided by q?
11
Let r(c) = 6*c**2 - 7*c + 5. Let z(n) = -n + 11. Calculate the remainder when r(4) is divided by z(-8).
16
Suppose 0 = l - 5*l + 24. What is the remainder when (22/(-5))/(l/(-60)) is divided by 15?
14
Suppose 6 = -2*y + 3*f, 6*f - 8 = 4*y + 2*f. Let v(a) = a**2 + a + 43. What is the remainder when v(y) is divided by 15?
13
Suppose 2*d + 0*l - 2 = -l, -4*d - 5*l = -4. Calculate the remainder when 6 is divided by d.
0
Let d(k) be the second derivative of -k**5/20 + k**4/2 + k**3/6 + 3*k**2 - 3*k. Suppose 0 = 2*a - 13 - 31. Calculate the remainder when a is divided by d(6).
10
Suppose -u + 4*h = -36, 0 = -2*u - h - 2*h + 28. Calculate the remainder when u is divided by 11.
9
Suppose 4*a - 61 = -5*y, -a + 13 = -3*y + 2*y. What is the remainder when 17 is divided by a?
3
Let s = 46 + -25. Let j = s + -30. Let o = 14 + j. What is the remainder when 9 is divided by o?
4
Let p(s) = s**2 + 2*s - 4. What is the remainder when 38 is divided by p(-6)?
18
Suppose 2*f + 13 = 3*f. What is the remainder when f is divided by (-23)/(-5) - (-21)/(-35)?
1
Calculate the remainder when 32 + 2 + 1 + -3 is divided by 17.
15
Suppose 0 = 3*n, -2*a - 2*n + 18 = -26. Calculate the remainder when 130 is divided by a.
20
Suppose 18*x = 13*x + 20, 4*x - 64 = -3*u. What is the remainder when 78 is divided by u?
14
Suppose 4*t - 37 - 181 = 2*p, -3*p + 9 = 0. What is the remainder when t is divided by 12?
8
Suppose g + 1 = 5*n, -5*g - 3*n = -n - 76. Let o(t) = -79*t + 1. Let p be o(-1). Suppose 3*j = j + p. What is the remainder when j is divided by g?
12
Suppose -4*w = -20, 15 = f + 3*w - 2*w. Let q = 36 - 8. Calculate the remainder when q is divided by f.
8
Let y = 47 - 24. Suppose 0 = -3*j - 5*s + 109, 2*s - 1 + 19 = j. Suppose 3*k - j = 8. What is the remainder when y is divided by k?
11
What is the remainder when 2/11 - (-1092)/44 is divided by 6?
1
Suppose 5*f = f + 64. Calculate the remainder when 49/(0 + 1) + -3 is divided by f.
14
Let h(p) = p**2 - 10*p - 12. Let s be h(12). Suppose 3*l + s - 33 = 0. Calculate the remainder when 19 is divided by l.
5
Let m = -12 - -15. Suppose z = 5*b - 7, -4*b + 4*z = m*z - 6. Calculate the remainder when 2 is divided by b.
0
Suppose -4*d + 3*d = -9. Let w = 20 - d. Calculate the remainder when 20 is divided by w.
9
What is the remainder when 40 is divided by 6*(1/2 + 3)?
19
Suppose 4*o + 125 = 5*l, o = -2*l + 8 + 29. Let w be 1/(l/9 - 2). Let x(k) = -k**2 + 8*k - 3. Calculate the remainder when 22 is divided by x(w).
10
Let u be (-8)/3 + 2/(-6). Let c = -3 - u. Suppose -15 = -3*p - c*p. Calculate the remainder when p is divided by 2.
1
Suppose 0 = -4*v + 49 + 91. Let h = 5 - 2. Suppose 58 = 5*j - c, h*c = j - 0 - 6. What is the remainder when v is divided by j?
11
Let c(h) = 3*h - 10. Let g(z) = 7*z - 21. Let u(l) = -5*c(l) + 2*g(l). What is the remainder when u(-10) is divided by 5?
3
Suppose -u = -2, 5*u = -3*k + u + 68. What is the remainder when k is divided by 11?
9
Suppose -2*n + 170 = 3*n. Calculate the remainder when 135 is divided by n.
33
Calculate the remainder when ((-65)/(-20) - 0)*24 is divided by 21.
15
Let h = -13 - 17. What is the remainder when (h/(-8))/((-3)/(-36)) is divided by 12 - (-1)/2*8?
13
Let g(x) = -4*x - 2. Let p be 8/10*(-25)/(-10). Suppose p*h = -2*u + 60, 3*h + 31 - 114 = 4*u. What is the remainder when h is divided by g(-3)?
9
Suppose j = 5, 3*j = -5*f + 2*j. Calculate the remainder when 18 is divided by 2*(-3)/(-1) + f.
3
Let m be (-1)/(0 - (-3)/(-1290)). Suppose 0 = -2*n - 3*n + m. Calculate the remainder when n is divided by 22.
20
Let n be (20 - 3)/((-2)/8). Let r = -46 - n. Calculate the remainder when 42 is divided by r.
20
Let j = -17 - -9. Calculate the remainder when 106 is divided by 2/(j/(-100)) + 2.
25
Let n(y) = 13*y**2 - y. Let s(o) = o - 3. Let w be s(4). Calculate the remainder when 34 is divided by n(w).
10
Suppose 2*a = -2*q + 214, -3*a = -q - a + 92. Calculate the remainder when q is divided by 15.
12
Let m = -2 + -1. Let t(g) = 11*g + 1. Calculate the remainder when (1/2)/(m/(-138)) is divided by t(1).
11
Let f(k) = 6*k - 7. Suppose -w = -3*w + 32. What is the remainder when f(6) is divided by w?
13
Suppose 